. Suppose -5*t + 140 = -v. What is the remainder when t is divided by 18?
12
Let b(x) = 32*x**3 + 4*x**2 - 7*x + 2. What is the remainder when 340 is divided by b(1)?
30
Let x be 2 - (3 - 1 - 3). Let b be ((-3)/(-9))/((-1)/x). Let c = 7 + b. What is the remainder when 15 is divided by c?
3
Calculate the remainder when 271 is divided by -4*(231/(-28) + 5).
11
Let n = 106 + -84. Suppose 3*a + 12 = 0, 0*u = -u + 3*a + 16. Suppose 15 = -3*o, 5*l = -u*o + 3 + 7. What is the remainder when n is divided by l?
4
Let m(x) = x**3 + 7*x**2 + 3*x - 9. Let v be m(-8). Let j = 117 + v. Calculate the remainder when 77 is divided by j.
17
Let f(b) = 3*b**2 - 18*b - 35. Let d be 6/5*180/2. What is the remainder when (4/6)/(2/d) is divided by f(-2)?
10
Suppose 0*o + 2*o = 4*f - 8, 2*o - 24 = -4*f. Suppose 0 = -f*q - 0*q - 52. Let z = 34 + q. Calculate the remainder when z is divided by 12.
9
Let q(x) be the second derivative of -x**3 - 2*x**2 + 8*x. Let m(w) = 16*w**2 + w. What is the remainder when m(-1) is divided by q(-2)?
7
Suppose -5 + 61 = 7*n. What is the remainder when 6 is divided by 1/(-2 - -4)*n?
2
Let p = 20 + -25. Calculate the remainder when 21 is divided by (-4)/(-1)*(p + 7).
5
Suppose 0 = 2*f - 2*a + 28, 0 = 4*a - 3*a + 1. Let j = f - -25. Calculate the remainder when 28 is divided by j.
8
Let v(u) = -12*u - 58. What is the remainder when v(-16) is divided by 39?
17
Let p(y) = 5*y**3 + y + 2. Let u be p(2). Let z = 100 - u. Let a(v) = -v**3 + 7*v**2 - 3*v + 1. What is the remainder when z is divided by a(6)?
18
Let c = -337 - -383. Calculate the remainder when c is divided by 17.
12
Suppose z + 21 = 5*h, -z - 5*h = 5 + 16. Let c = z + 72. Calculate the remainder when c is divided by 27.
24
Suppose 2*v = k - 13, -30 = -5*k + 3*v + 21. Suppose -5*t + 2*u = -139, -9 = -3*u - 0. What is the remainder when 165*(21/k)/7 is divided by t?
26
Calculate the remainder when -9 + (-212)/(-6) - (-1)/(-3) is divided by 10.
6
Let k(w) = -w**3 + 4*w**2 - 8*w + 6. Let l be k(3). What is the remainder when (-21)/(-14)*(-114)/l is divided by 10?
9
What is the remainder when 4 - (-1)/(-6 - 6460/(-1076)) is divided by 93?
87
Let g = -160 + 251. Suppose 2*a - 47 = -a - 2*p, -3*p - g = -5*a. What is the remainder when a is divided by 6?
5
Suppose 0 = -8*b + 3*b - 550. Let z = -44 - b. Calculate the remainder when z is divided by 23.
20
Let h(z) = 2*z + 4. Suppose 2*u = -2*v + 22, -4*v + 1 = -u - 13. What is the remainder when (0 - 192/(12/(-3))) + -3 is divided by h(u)?
13
Let k(u) = -u + 19. Let z = -3402 - -3438. What is the remainder when z is divided by k(0)?
17
Calculate the remainder when 9/(-36) + 1076/16 is divided by 15.
7
Suppose 2901*g = 2895*g + 1146. What is the remainder when g is divided by 15?
11
Suppose 5*o = -5*j, -o - 6 = -j + o. Suppose -150 = -j*b - b. Let h(n) = -78*n - 1469. Calculate the remainder when b is divided by h(-19).
11
Let w = 291 - 138. Calculate the remainder when w is divided by 31.
29
Let t = 441 - 43. What is the remainder when t is divided by 19?
18
Suppose -31*d - 884 = -3550. Calculate the remainder when d is divided by 26.
8
Let w(q) = q**3 - 2*q**2 + 3*q - 11. Calculate the remainder when w(3) is divided by 2.
1
Calculate the remainder when 118 is divided by 274/16 + (-11)/88.
16
Suppose -4*v + 23 + 209 = 0. What is the remainder when v is divided by 4?
2
Suppose 1 = 4*h - 3. What is the remainder when ((1/2)/(-1))/(15/(-90)) is divided by h?
0
Let n(v) = -6*v - 2 - 8*v - v**2 - 8. What is the remainder when n(-12) is divided by 9?
5
Let v(b) = 9*b**2 - 2*b - 2. Let f be v(2). Let c = -14 + f. Suppose 4*s + 2*n = -3*n + 219, -n + 239 = 4*s. What is the remainder when s is divided by c?
13
Let f(x) = -8*x - 23. Let h be f(-3). Calculate the remainder when 227 is divided by (-2 + (-14)/(-10))*(-20)/h.
11
Calculate the remainder when (-20)/((-5)/(225/10)) is divided by 31.
28
Let i(l) be the third derivative of l**5/60 - l**4/2 - 19*l**3/6 - 14*l**2. What is the remainder when 14 is divided by i(14)?
5
Suppose 274 = 26*l - 558. Calculate the remainder when 188 is divided by l.
28
Let c = -358 + 382. What is the remainder when 213 is divided by c?
21
Let d = 180 - 155. Suppose 5*a + 88 = n, -4*n + 0*n - 4*a = -280. What is the remainder when n is divided by d?
23
Let c = 150 + -104. What is the remainder when 91 is divided by c?
45
Let z(t) = t**2 + 9*t - 14. Let c be z(-10). Calculate the remainder when (-4)/(-14) - 271/(-7) is divided by 14/((-30)/9 - c).
18
Suppose -8*n = -2*n - 132. Let c(h) = h - 2. Let b be 2/((-2)/(-3)) - -7. What is the remainder when n is divided by c(b)?
6
Let k(i) = 2*i**2 - 5*i + 110. What is the remainder when k(12) is divided by 34?
32
Let d = -1208 + 1520. Calculate the remainder when d is divided by 27.
15
Let d(u) = -8*u**3 + 2*u**2 + 1. Calculate the remainder when d(-2) is divided by (-2 + 27)/(-6 + 7).
23
Suppose p + 0*p = 5. Suppose -26 - 329 = -p*w. What is the remainder when w is divided by 15?
11
Let i be (16/20)/((-2)/(-250)). Suppose 0 = 4*x - 5*w - 154, -4*w + i = 4*x - x. Let o = -12 + 25. Calculate the remainder when x is divided by o.
10
Suppose -14*h = -11*h + 18. Let f(c) = 2*c - 7. Let m(g) = g - 1. Let t(r) = f(r) - 5*m(r). Calculate the remainder when 30 is divided by t(h).
14
Calculate the remainder when (38328/(-66))/(-4) + (-4)/22 is divided by 0 - -37*(-1 + 2).
34
Let w = 2 - -33. What is the remainder when w is divided by (-3696)/(-266) + 4/38?
7
Let p(n) = n**3 + 19*n**2 - 3*n - 10. Calculate the remainder when p(-6) is divided by 9.
8
Let j = 74 - 56. What is the remainder when 51 is divided by j?
15
Suppose 840*w - 835*w = 60. What is the remainder when 102 is divided by w?
6
Let g(u) = -u + 53. Suppose -3*k + 8*k = 140. What is the remainder when g(0) is divided by k?
25
Let w be -2 + 13 + 2 + -2. Let o = 19 - w. Suppose 3*l - 1 = 38. Calculate the remainder when l is divided by o.
5
Let v(f) = f - 1. Let y(g) = g - 2. Let q(r) = -5*v(r) + 3*y(r). Let i be q(-3). Suppose -29 = -4*w - i. What is the remainder when 16 is divided by w?
4
Let v = 837 + -799. Let b be (-1)/((-2)/28) - 2. Let z = 25 - b. What is the remainder when v is divided by z?
12
Suppose 146*y - p = 142*y + 4594, 0 = -3*p + 6. Calculate the remainder when y is divided by 25.
24
Suppose -9*c = -12*c. What is the remainder when 143 is divided by -2*(-60)/(c - -5)?
23
Let z be 4/6*((-24)/(-16) + -6). Calculate the remainder when 134 is divided by 18/(-12)*1/(z/54).
26
Let i be 4 - 0 - 0 - 5. Let p be i*356/(12/(-3)). Let s = p - 12. Calculate the remainder when s is divided by 20.
17
Let n(m) be the third derivative of m**6/120 - m**5/20 - m**4/3 + m**3 - 19*m**2. Calculate the remainder when n(7) is divided by 37.
35
Let z(a) = -9*a. Let q be z(-2). Let j be (20/8 + -2)*q. Suppose 0 = -3*h - j + 39. What is the remainder when h is divided by 4?
2
Suppose -4*u - u + 5*m + 435 = 0, 0 = -u - 4*m + 112. Calculate the remainder when u is divided by 24.
20
Suppose -67*m = -72*m + d + 126, -2*m = -d - 51. What is the remainder when 167 is divided by m?
17
Suppose -29 = -5*v - 14. What is the remainder when (-2)/8 - 318/(-24) is divided by v?
1
Suppose 5*s = s + 92. Calculate the remainder when 68 is divided by s.
22
Suppose 80*p - 384 = 68*p. What is the remainder when 44 is divided by p?
12
Suppose -8*f + 244 = -980. What is the remainder when f is divided by 52?
49
Let u = 39 + -20. Let c(p) = 5*p + 14. Let h(n) = -2*n + 4. Let x(q) = c(q) + 3*h(q). Calculate the remainder when 9 is divided by x(u).
2
Suppose -81 = 15*f - 16*f. Let j(w) = -w**2 + 7*w - 2. Let y be j(6). Suppose -y*t + 84 = -0*t. What is the remainder when f is divided by t?
18
Suppose 32 = 5*q - 48. Suppose 4*c - 2*f = 514, -4*c = 5*f - 74 - 405. Calculate the remainder when c is divided by q.
14
Let h = 7 + 12. Suppose -3*v + 0*v = 5*j - h, 7 = 5*j - v. Let u = 4 + -3. Calculate the remainder when j is divided by u.
0
Let z(h) = -32*h + 96. Suppose 17 = 3*t - 2*t. Calculate the remainder when z(1) is divided by t.
13
Suppose -4*r - 1004 = -3324. Suppose -7*w + 379 = -r. What is the remainder when w is divided by 35?
32
Let d be (1 - 2)*(15 + -14)*1. Suppose 6*o - 96 = 3*o. What is the remainder when (-2 - 4/(-4))/d - -59 is divided by o?